2 + l - 48. Give j(t).
-6
Let l(x) be the third derivative of x**6/360 - x**4/3 + 5*x**2. Let r(p) be the second derivative of l(p). Give r(1).
2
Let n(a) = -a**2 + 9*a - 15. Let g be n(6). Let w(z) = -58*z**g + 2 + 62*z**3 - 1. Give w(-1).
-3
Let d(b) = b**3 - 2*b**2 + 2*b. Let t = 5 - -1. Suppose -t = -k - 1. Suppose 0*z = -z + 5*o + 22, -5*z + 30 = -k*o. What is d(z)?
4
Let f(m) = -12*m + 55. Let u be f(5). Let r(l) = -l**3 - 4*l**2 + 3*l + 7. Calculate r(u).
17
Let i(u) = -u**3 - 3*u**2 + 5*u - 3. Let p(g) = -g + 1. Let n be p(12). Let x(k) = -3*k**3 - 9*k**2 + 14*k - 8. Let q(h) = n*i(h) + 4*x(h). Give q(-2).
-5
Suppose -6 = -4*n - 74. Let m(p) = -p**2 - 17*p - 5. Calculate m(n).
-5
Let q(o) = o + 4. Suppose 3*a - j = -41, -a = -0*j - 3*j + 19. What is q(a)?
-9
Let g(v) = v - 6. Let u(k) = -k - 10. Let h be u(-8). Let j be 10/(-4) - 1/h. Let t be (j/(-4))/((-6)/(-72)). What is g(t)?
0
Let u(h) = -h**3 + 9*h**2 + 12*h - 14. Let i(b) = b**2 - 21*b + 30. Let k be i(20). Give u(k).
6
Let x(b) = -15*b - 4*b - 2*b - 10 + 18*b. Determine x(-2).
-4
Let w = 985 - 961. Let l(k) = k**3 - 25*k**2 + 23*k + 24. Calculate l(w).
0
Let w(o) = 12*o**3 - 2*o**2 + 30*o. Let z(d) = 8*d**3 - d**2 + 21*d. Let k(f) = -5*w(f) + 7*z(f). What is k(2)?
-26
Let d(n) = -4*n + 6*n + 4*n + 16 - 1 - 2*n**2 + 5*n. What is d(6)?
9
Let g(f) = 2*f**2 - 7*f + 5. Let q = -50 - -53. Give g(q).
2
Let p(v) = 34*v**2 - v. Let m be p(-1). Let q be (18/(-15))/(1/m). Let o be (-10)/4*q/(-35). Let r(f) = f**2 + 3*f - 4. Calculate r(o).
-4
Let w(g) = -g**3 - 2*g**2 + 2*g + 6. Suppose -15*i + 12*i - 2*y = -1, 10 = 2*y. Give w(i).
9
Let k be (-1)/3*306/102. Let c(x) = -21*x**3 + x**2 + 2. Let d(w) = 32*w**3 - 2*w**2 - 3. Let r(l) = 8*c(l) + 5*d(l). Determine r(k).
7
Suppose 10*p + 10 = 5*p. Let r(a) be the first derivative of -3/2*a**2 + 2/3*a**3 - a - 5. Give r(p).
13
Let r(q) = 3*q - 9. Let i(b) = 2*b - 5. Let z(t) = -2*i(t) - r(t). What is z(3)?
-2
Let d(i) = i - 1. Let j(f) = -6*f + 6. Let t(h) = -21*d(h) - 3*j(h). Let b(v) = v**2 + 7*v - 5. Let c be b(-8). Suppose -4*u + 2 = -c*u. What is t(u)?
-3
Let y(i) = 5*i**2 - 2*i + 3. Let v = 7 + -10. Let b(m) = -10*m**2 + 3*m - 5. Let g(f) = v*b(f) - 5*y(f). Determine g(-2).
18
Suppose 3*w - 2*t = 19, -t = -4*w + 3*t + 32. Suppose w*g - 11 = 4. Suppose -32 = 3*r - g*f, -2*r + r + 3*f = 16. Let h(b) = 2*b + 2. What is h(r)?
-6
Let d(y) = -y**3 - 5*y**2 - 7*y - 3. Let z be (-584)/730*5*1. Determine d(z).
9
Let c(v) = -v**3 - 3*v**2 + 11*v + 6. Let a be c(-5). Suppose -3*r + 3*h + 7 = 19, 4*h - 16 = 0. Let b(l) = 0 + r - 3*l - l. Determine b(a).
-4
Suppose -j = 0, -2*c - 10*j + 9*j = 8. Let o(w) = -8*w - 3. Determine o(c).
29
Let p(z) = z**2 + 3*z - 6. Let k be p(-5). Let l be 16/10 - k/(-10). Suppose 5*c - 3*v = -5, 2 = -c - c - l*v. Let f(b) = 10*b - 1. Calculate f(c).
-11
Let i(t) = 2*t. Let u = -44 + 41. Let g = 4 - -3. Let y be (-2)/u + g/3. What is i(y)?
6
Let b(o) = -13*o**2 + 54*o + 5. Let w(l) = 11*l**2 - 45*l - 5. Let d(f) = -5*b(f) - 6*w(f). Give d(0).
5
Suppose -6*f + 13 + 17 = 0. Suppose -2*r = -r - 2*t - 9, 0 = -f*r + 5*t + 20. Let s(z) = -z + 4 + 3*z - 3. Determine s(r).
-1
Let l be 3/(-18) + 815/30. Let v = l - 25. Let n(h) = -v - 3*h - 2*h + h**2 + 6*h + 1. Give n(-3).
5
Let z be -1 - 1 - (-1 + -4). Let o(v) = -431*v**2 + v - 2*v + 430*v**2. Let m(q) = -7*q**2 - 3*q - 2. Let p(u) = -m(u) + 6*o(u). Determine p(z).
2
Let p(k) = -2*k - 1. Suppose -2*i - 2*z = 40 - 106, -3*z = 15. Suppose 0 = 3*a + c + i, -5*a = -c + 4*c + 58. Let y = 11 + a. What is p(y)?
5
Let i(q) = -6*q**3 + 3*q**2 + q + 2. Let l(d) = -6*d**3 + 4*d**2 + 2*d + 3. Let y(g) = 4*i(g) - 3*l(g). Determine y(-1).
7
Let c(v) = 7*v**3 + 5*v - 3. Let j(a) = 4*a**3 + 3*a - 1. Let s = -8 + 5. Let k(o) = s*c(o) + 5*j(o). Calculate k(0).
4
Let i(j) = -4*j**2 + 13*j**3 + j - 12*j**3 + 5*j - 2*j + 1 - 3*j. Calculate i(3).
-5
Let w(u) = u**2 + 15*u - 1. Let g be 6/21 + (-1)/((-42)/(-684)). What is w(g)?
15
Suppose 3*d - 2*p = 139, 4*p - 20 = -2*d + 62. Let h = d - 39. Let m(o) = -o**2 + 8*o + 2. Give m(h).
14
Let g = -9 - -11. Let i(s) = -2*s**3 + 3*s**2 - s + 1. Let r be i(g). Let c(v) = -5*v**3 - 4*v**2 + 3*v + 1 + 4*v**3 - 3. Calculate c(r).
8
Let w(d) = -d**3 + 2*d**2 - 2*d + 2. Suppose -b = 3*s + 2*b - 57, s - b = 9. Suppose s + 4 = 6*j. Calculate w(j).
-13
Let f(t) = t**2 - 4*t. Let g = -6 + 11. Suppose 2*r - g = 3*r. Let p be 5/(-25) + (-31)/r. Calculate f(p).
12
Suppose -6 = -3*k, 2*k = 4*i - 0*i + 28. Let o be 21/(-7)*(-2)/2. Let l(y) = -o*y - 1 + 3 - 5 + y. Calculate l(i).
9
Let l be (-1)/(4/(-10))*-2. Let b(a) = -3*a + 12. Let o(t) = 2*t - 6. Let j(c) = l*o(c) - 3*b(c). Let q be (6 + 2)*9/(-12). Calculate j(q).
0
Let n(z) = 2*z + 6. Suppose -10*h = -8*h. Let r = 24 - 16. Suppose 3*f + r + 4 = h. Determine n(f).
-2
Let u(d) = d**2 + 10*d - 18. Let z = -1857 + 1845. Calculate u(z).
6
Let v = -342 - -329. Let z(l) = l**3 + 14*l**2 + 13*l - 4. What is z(v)?
-4
Let w = 29 + -24. Suppose -2*f + 3 + w = 0. Let o(y) = y**2 - y - 4. Give o(f).
8
Let b = -31 + 32. Suppose -b = -4*u + 7. Let r(v) = 0*v - v**2 - 5*v + 4*v + u*v. What is r(1)?
0
Suppose -4*o = -2*o + 16. Let w = 9 + o. Let u(j) = -5*j. Determine u(w).
-5
Let c(g) be the second derivative of 1/24*g**4 + 0*g**5 + 0 + 1/20*g**6 + 2*g**2 + 0*g**3 + 5*g. Let z(p) be the first derivative of c(p). Give z(-1).
-7
Let p(r) be the first derivative of -r**4/4 + 5*r**3/3 + 7*r**2/2 - 3*r + 122. Calculate p(6).
3
Suppose -x + 2*q - 1 = -2, 5*q + 5 = 3*x. Let b(h) = h**2 - 7*h + 4. Let l be b(x). Let o(a) = -6*a - a - 5 + 0*a + 4*a**2 - 5*a**2. Give o(l).
1
Let a(x) = -x**3 - 8*x**2 + 2*x - 4. Let q(s) be the third derivative of s**5/60 - s**4/24 + s**3/6 - 23*s**2. Let k(g) = -a(g) - 3*q(g). Give k(-5).
-4
Suppose 8*j + 803 - 747 = 0. Let r(k) = -3*k - 24. What is r(j)?
-3
Let d(w) be the second derivative of -w**5/20 - w**4/2 - w**3/3 + 9*w**2/2 + 22*w. Let v be d(-5). Let l(y) = y + 6. Determine l(v).
0
Let n = -1624 + 1628. Let w(v) be the third derivative of 0*v - 5*v**2 - 1/12*v**n + 1/30*v**5 + 0 - 1/3*v**3. Determine w(-2).
10
Let z(s) = -2*s**3 + 2*s**3 + 2*s**2 - 2*s**3 + 3*s**3. Let n(t) = -6*t + 118. Let w be n(20). Determine z(w).
0
Let d(a) = -50*a + 4 + 145*a - 54*a - a**2 - 46*a. Let i be 4/(-2) - (-12 - -15). Calculate d(i).
4
Let k(t) = 63*t - 33. Let j(a) = -17*a + 15*a - 2 + 6*a. Let m(s) = 33*j(s) - 2*k(s). What is m(-3)?
-18
Let o(x) be the first derivative of 5*x**2/2 + x - 1. Suppose 5 = 2*m - w, 32*w = -3*m + 35*w + 12. What is o(m)?
6
Let b(t) = 35*t - 2 + 0 - 34*t. Suppose 4*s = 2*i - 0*s - 56, -5*i - 4*s + 126 = 0. Suppose 30 = 5*l + 5*z, 3*l - i = 3*z - 8*z. Determine b(l).
0
Let f be 1 - 2*4/(-8). Suppose -8 = -f*z, -16 = -4*k + 3*z - 7*z. Let w(p) = p**3 - p**2 + p - 16. Give w(k).
-16
Let t(y) be the first derivative of -y**2 + 3 + 4*y - 5*y - 8. Give t(-5).
9
Let g(m) = 12 + 16 - 3*m + 19 - 47. What is g(-5)?
15
Let v(q) be the first derivative of -7 + 0*q**2 - 1/3*q**3 + 3*q. What is v(3)?
-6
Let i(z) be the first derivative of -z**4/4 + z**3/3 + 3*z**2/2 - 8*z + 10. Let c(f) = -f**3 + f**2 + 4*f - 8. Let l(s) = 3*c(s) - 4*i(s). What is l(0)?
8
Let i be (-42)/7*(-1)/2. Let q(r) = -2 - 3 - r**i + 0*r - r**2 + 2*r - 1. Let n(o) = -2*o**3 - 3*o**2 + 5*o - 13. Let f(c) = -6*n(c) + 13*q(c). What is f(4)?
0
Let h(f) = -11*f**3 + 21*f**2 - 21*f. Let l(c) be the second derivative of -c**5/4 + 5*c**4/6 - 5*c**3/3 - 3*c. Let u(x) = -6*h(x) + 13*l(x). Calculate u(-5).
-5
Let x(u) = -u**3 - 4*u**2 + u - 6. Let m = -38 - -44. Suppose j + 2*o = m*o + 11, -4*o - 16 = 0. Calculate x(j).
14
Let c = -79 + 68. Let j(h) = h**2 + 10*h - 5. Calculate j(c).
6
Let f(d) = d**2 - d + 4. Suppose 7*k - 6*k = -9. Let z be k/63 - 2/(-14). Calculate f(z).
4
Let g(s) = -68 - 73 + 204 - 3*s - 64. Give g(-6).
17
Let a(o) = -2*o + 36. Let n(r) = 3*r - 53. Let h(k) = -7*a(k) - 5*n(k). What is h(12)?
1
Let d(p) = -3*p - 21. Suppose -4*j - v + 2*v = 32, 4 = -v. Let r be d(j). Let q(a) = -a + 2. Calculate q(r).
-4
Let j(n) = 3*n - n**3 + 59 + 58 - 123 + 3*n**2. Calculate j(3).
3
Let v(z) be the first derivative of z**4/4 + 7*z**3/3 + 2*z**2 - 8*z - 85. What is v(-6)?
4
Suppose 4*u = 3*c + 3, -4*u + c - 4*c = -21. Suppose -3*y